{"id":66,"date":"2019-03-25T10:47:24","date_gmt":"2019-03-25T09:47:24","guid":{"rendered":"http:\/\/www.roland-frey.art\/?page_id=66"},"modified":"2025-03-26T15:08:58","modified_gmt":"2025-03-26T14:08:58","slug":"ueber-das-werk","status":"publish","type":"page","link":"https:\/\/www.roland-frey.art\/_Classic\/de\/ueber-das-werk\/","title":{"rendered":"\u00dcber das Werk"},"content":{"rendered":"<section class=\"l-section wpb_row us_custom_e07b86aa height_small width_full\"><div class=\"l-section-h i-cf\"><div class=\"g-cols vc_row via_flex valign_top type_default stacking_default\"><div class=\"vc_col-sm-10 wpb_column vc_column_container\"><div class=\"vc_column-inner\"><div class=\"wpb_wrapper\"><div class=\"wpb_text_column\"><div class=\"wpb_wrapper\"><h1><\/h1>\n<pre style=\"text-align: right;\"><em>Was unvollkommen ist, das soll vollkommen werden<\/em>\n<em>denn nur zum Werden, nicht zu Sein sind wir auf Erden<\/em>\n<em>Friedrich R\u00fcckert, 1788-1866<\/em><\/pre>\n<h1>\u00dcber das Werk<\/h1>\n<p>Roland Frey malte das Werden des Menschen in neuer einmaliger Art. Die Heiligen-Malerei wird bekanntlich in der europ\u00e4ischen Welt kaum noch angewendet. Die au\u00dfergew\u00f6hnlichen Gem\u00e4lde sind gerichtet an alle seine suchenden Br\u00fcder und Schwestern, die Kinder Gottes, ohne Ausnahme.<\/p>\n<h2>Beschreibung<\/h2>\n<p><strong>Das Werk<\/strong> der spirituellen Themen umfasst 46 Gem\u00e4lde verschiedener Maltechnik, meist jedoch in \u00d6l. Sie entstanden im Wesentlichen in den 1960er, weniger in den 70er Jahren.<\/p>\n<p>\u00d6lgem\u00e4lde sind die K\u00f6nigsdisziplin der Kunst. Es gibt keine Regeln, vielmehr kommt es auf die Wirkung an. <a href=\"https:\/\/www.roland-frey.art\/de\/ueber-roland-frey\/\">Frey<\/a> verf\u00fcgt \u00fcber eine perfekte Malweise, stellt ungewohnte Formen dar und hat \u00fcberraschende Motive. Es ist diese Professionalit\u00e4t des Malers \u2013 ohne ber\u00fchmt zu sein.<\/p>\n<p>Die Verkn\u00fcpfung der geistigen Vorbereitung und der handwerklichen Fertigkeiten erm\u00f6glichte es dem K\u00fcnstler den Bogen &#8222;<em>Vom weltlichen Ich zum G\u00f6ttlichen Sein<\/em>&#8220; zu schlagen. Er vollbrachte es, seine Sicht in die f\u00fcr uns wahrnehmbare Welt der Sinne zu \u00fcbertragen.<\/p>\n<p>Dargestellt ist im thematischen Gesamtwerk der Existenzbogen: <em>Von der Quelle durch unz\u00e4hlige Inkarnationen zur\u00fcck zur Quelle<\/em>.<\/p>\n<p>Nur Wenige konnten bisher seine Sch\u00f6pfungen betrachten. Sie bezeichneten ihn als den Maler des Lichts im doppelten Sinne.<\/p>\n<h2>Enthaltene Bilder<\/h2>\n<p>Sie finden s\u00e4mtliche Bilder der Sequenz in der <a href=\"https:\/\/www.roland-frey.art\/oeuvre\/\">Rubrik &#8222;Oeuvre&#8220;<\/a>.<\/p>\n<h2>Werk\u00a0: Aspekte<\/h2>\n<p>\u00dcber die Jahre pr\u00e4sentierte der K\u00fcnstler die Gem\u00e4lde gelegentlich einem interessierten Publikum, privat und \u00f6ffentlich, wobei er auch auf die Inhalte einging.<\/p>\n<p>Bei diesen Gelegenheiten h\u00f6rte er Bemerkungen und Kommentare wie:<br \/>Einzigartig, au\u00dfergew\u00f6hnlich, erstaunlich, umfassend, ber\u00fchrend<\/p>\n<ul>\n<li>das hat mit dem Zyklus des menschlichen Sein und Werdens zu tun,<\/li>\n<li>es brachte mir Erkenntnisse,<\/li>\n<li>es regt zum Verweilen und Nachdenken an,<\/li>\n<li>die Liebe des \u00a0H\u00f6chsten Sch\u00f6pfers ist erf\u00fchlbar,<\/li>\n<li>die Begriffe K\u00f6rper, Geist und Seele sind hervorragend dargestellt,<\/li>\n<li>es erweitert das Bewusstsein,<\/li>\n<li>Die Verwendung von in uns gespeicherter Symbolik f\u00fchrt zu &#8222;Aha-Erlebnissen&#8220;,<\/li>\n<li>eine exzellente Darstellung des Zyklus: &#8222;von der Quelle zur\u00fcck zur Quelle&#8220;,<\/li>\n<li>die Maltechnik steht in gro\u00dfer Tradition,<\/li>\n<li>die Darstellung von Licht: hervorragend,<\/li>\n<li>der Mensch, seine illusion\u00e4re und wahre Welt,<\/li>\n<li>geistige und spirituelle Botschaften sind mit dem Herzen erfahrbar<\/li>\n<li>die Weisheiten der Heiligen Schriften flossen in die Bildnisse ein,<\/li>\n<li>anregend f\u00fcr die Meditation,<\/li>\n<li>und viele weitere<\/li>\n<\/ul>\n<p>\u00a0<\/p>\n<\/div><\/div><\/div><\/div><\/div><div class=\"vc_col-sm-2 wpb_column vc_column_container\"><div class=\"vc_column-inner\"><div class=\"wpb_wrapper\"><div class=\"w-image us_custom_100d1e64 align_none\"><a href=\"http:\/\/www.roland-frey.art\/portfolio\/01-das-wort\/\" aria-label=\"Roland Frey - 01 (Preview)\" class=\"w-image-h\"><img decoding=\"async\" width=\"300\" height=\"300\" src=\"https:\/\/www.roland-frey.art\/_Classic\/wp-content\/uploads\/2019\/03\/001-3.jpg\" class=\"attachment-full size-full\" alt=\"Roland Frey - 01 (Preview)\" loading=\"lazy\" srcset=\"https:\/\/www.roland-frey.art\/_Classic\/wp-content\/uploads\/2019\/03\/001-3.jpg 300w, https:\/\/www.roland-frey.art\/_Classic\/wp-content\/uploads\/2019\/03\/001-3-150x150.jpg 150w\" sizes=\"auto, (max-width: 300px) 100vw, 300px\" \/><\/a><\/div><div class=\"w-grid us_grid us_custom_14e19a50 type_grid layout_537 cols_1 preload_style_spinner\" id=\"us_grid_1\" style=\"--columns:1;--gap:1.5rem;\" data-filterable=\"true\"><style>.layout_537 .w-grid-item-h{}.layout_537 .usg_post_image_1{margin-bottom:0.5rem!important}<\/style><div class=\"w-grid-list\">\t<article class=\"w-grid-item size_1x1 post-334 us_portfolio type-us_portfolio status-publish has-post-thumbnail hentry\" data-id=\"334\">\r\n\t\t<div class=\"w-grid-item-h\">\r\n\t\t\t\t\t\t\t<a href=\"https:\/\/www.roland-frey.art\/_Classic\/portfolio\/43-overcoming-death\/\" class=\"w-grid-item-anchor\" aria-label=\"43 &#8211; Overcoming Death\"><\/a>\r\n\t\t\t\t\t\t<div class=\"w-post-elm post_image usg_post_image_1 stretched\"><img loading=\"lazy\" decoding=\"async\" width=\"300\" height=\"300\" src=\"https:\/\/www.roland-frey.art\/_Classic\/wp-content\/uploads\/2019\/03\/207-1.jpg\" class=\"attachment-medium size-medium wp-post-image\" alt=\"Roland Frey - 43 (Preview)\" srcset=\"https:\/\/www.roland-frey.art\/_Classic\/wp-content\/uploads\/2019\/03\/207-1.jpg 300w, https:\/\/www.roland-frey.art\/_Classic\/wp-content\/uploads\/2019\/03\/207-1-150x150.jpg 150w\" sizes=\"auto, (max-width: 300px) 100vw, 300px\" \/><\/div>\t\t<\/div>\r\n\t\t\t<\/article>\r\n\t<article class=\"w-grid-item size_1x1 post-161 us_portfolio type-us_portfolio status-publish has-post-thumbnail hentry\" data-id=\"161\">\r\n\t\t<div class=\"w-grid-item-h\">\r\n\t\t\t\t\t\t\t<a href=\"https:\/\/www.roland-frey.art\/_Classic\/portfolio\/14-das-rad\/\" class=\"w-grid-item-anchor\" aria-label=\"14 &#8211; Das Rad\"><\/a>\r\n\t\t\t\t\t\t<div class=\"w-post-elm post_image usg_post_image_1 stretched\"><img loading=\"lazy\" decoding=\"async\" width=\"300\" height=\"300\" src=\"https:\/\/www.roland-frey.art\/_Classic\/wp-content\/uploads\/2019\/03\/010-3.jpg\" class=\"attachment-medium size-medium wp-post-image\" alt=\"Roland Frey - 14 (Preview)\" srcset=\"https:\/\/www.roland-frey.art\/_Classic\/wp-content\/uploads\/2019\/03\/010-3.jpg 300w, https:\/\/www.roland-frey.art\/_Classic\/wp-content\/uploads\/2019\/03\/010-3-150x150.jpg 150w\" sizes=\"auto, (max-width: 300px) 100vw, 300px\" \/><\/div>\t\t<\/div>\r\n\t\t\t<\/article>\r\n\t<article class=\"w-grid-item size_1x1 post-246 us_portfolio type-us_portfolio status-publish has-post-thumbnail hentry\" data-id=\"246\">\r\n\t\t<div class=\"w-grid-item-h\">\r\n\t\t\t\t\t\t\t<a href=\"https:\/\/www.roland-frey.art\/_Classic\/portfolio\/28-durchbruch-des-lichts\/\" class=\"w-grid-item-anchor\" aria-label=\"28 &#8211; Durchbruch des Lichts\"><\/a>\r\n\t\t\t\t\t\t<div class=\"w-post-elm post_image usg_post_image_1 stretched\"><img loading=\"lazy\" decoding=\"async\" width=\"300\" height=\"300\" src=\"https:\/\/www.roland-frey.art\/_Classic\/wp-content\/uploads\/2019\/03\/003-3.jpg\" class=\"attachment-medium size-medium wp-post-image\" alt=\"Roland Frey - 28 (Preview)\" srcset=\"https:\/\/www.roland-frey.art\/_Classic\/wp-content\/uploads\/2019\/03\/003-3.jpg 300w, https:\/\/www.roland-frey.art\/_Classic\/wp-content\/uploads\/2019\/03\/003-3-150x150.jpg 150w\" sizes=\"auto, (max-width: 300px) 100vw, 300px\" \/><\/div>\t\t<\/div>\r\n\t\t\t<\/article>\r\n\t<article class=\"w-grid-item size_1x1 post-125 us_portfolio type-us_portfolio status-publish has-post-thumbnail hentry\" data-id=\"125\">\r\n\t\t<div class=\"w-grid-item-h\">\r\n\t\t\t\t\t\t\t<a href=\"https:\/\/www.roland-frey.art\/_Classic\/portfolio\/08-der-formende-raum\/\" class=\"w-grid-item-anchor\" aria-label=\"08 &#8211; Der formende Raum\"><\/a>\r\n\t\t\t\t\t\t<div class=\"w-post-elm post_image usg_post_image_1 stretched\"><img loading=\"lazy\" decoding=\"async\" width=\"300\" height=\"300\" src=\"https:\/\/www.roland-frey.art\/_Classic\/wp-content\/uploads\/2019\/03\/015-4.jpg\" class=\"attachment-medium size-medium wp-post-image\" alt=\"Roland Frey - 08 (Preview)\" srcset=\"https:\/\/www.roland-frey.art\/_Classic\/wp-content\/uploads\/2019\/03\/015-4.jpg 300w, https:\/\/www.roland-frey.art\/_Classic\/wp-content\/uploads\/2019\/03\/015-4-150x150.jpg 150w\" sizes=\"auto, (max-width: 300px) 100vw, 300px\" \/><\/div>\t\t<\/div>\r\n\t\t\t<\/article>\r\n\t<article class=\"w-grid-item size_1x1 post-101 us_portfolio type-us_portfolio status-publish has-post-thumbnail hentry\" data-id=\"101\">\r\n\t\t<div class=\"w-grid-item-h\">\r\n\t\t\t\t\t\t\t<a href=\"https:\/\/www.roland-frey.art\/_Classic\/portfolio\/04-ausdehnung\/\" class=\"w-grid-item-anchor\" aria-label=\"04 &#8211; Ausdehnung\"><\/a>\r\n\t\t\t\t\t\t<div class=\"w-post-elm post_image usg_post_image_1 stretched\"><img loading=\"lazy\" decoding=\"async\" width=\"300\" height=\"300\" src=\"https:\/\/www.roland-frey.art\/_Classic\/wp-content\/uploads\/2019\/03\/08-1.jpg\" class=\"attachment-medium size-medium wp-post-image\" alt=\"Roland Frey - 04 (Preview)\" srcset=\"https:\/\/www.roland-frey.art\/_Classic\/wp-content\/uploads\/2019\/03\/08-1.jpg 300w, https:\/\/www.roland-frey.art\/_Classic\/wp-content\/uploads\/2019\/03\/08-1-150x150.jpg 150w\" sizes=\"auto, (max-width: 300px) 100vw, 300px\" \/><\/div>\t\t<\/div>\r\n\t\t\t<\/article>\r\n<\/div>\t<div class=\"w-grid-preloader\">\r\n\t\t<div class=\"g-preloader type_1\">\r\n\t\t\t<div><\/div>\r\n\t\t<\/div>\r\n\t<\/div>\r\n\t\t<div class=\"w-grid-json hidden\" onclick='return {&quot;action&quot;:&quot;us_ajax_grid&quot;,&quot;infinite_scroll&quot;:0,&quot;max_num_pages&quot;:10,&quot;pagination&quot;:&quot;none&quot;,&quot;template_vars&quot;:{&quot;columns&quot;:&quot;1&quot;,&quot;exclude_items&quot;:&quot;none&quot;,&quot;img_size&quot;:&quot;default&quot;,&quot;ignore_items_size&quot;:0,&quot;items_layout&quot;:&quot;537&quot;,&quot;items_offset&quot;:&quot;1&quot;,&quot;load_animation&quot;:&quot;none&quot;,&quot;overriding_link&quot;:&quot;%7B%22type%22%3A%22post%22%7D&quot;,&quot;post_id&quot;:0,&quot;query_args&quot;:{&quot;post_type&quot;:[&quot;us_portfolio&quot;],&quot;post_status&quot;:[&quot;publish&quot;],&quot;posts_per_page&quot;:&quot;5&quot;},&quot;orderby_query_args&quot;:{&quot;orderby&quot;:&quot;RAND(420498586)&quot;},&quot;type&quot;:&quot;grid&quot;,&quot;us_grid_post_type&quot;:&quot;us_portfolio&quot;,&quot;us_grid_ajax_index&quot;:1,&quot;us_grid_filter_query_string&quot;:null,&quot;us_grid_index&quot;:1,&quot;page_args&quot;:[]}}'><\/div>\r\n\t<\/div><\/div><\/div><\/div><\/div><\/div><\/section>","protected":false},"excerpt":{"rendered":"03 &#8211; Formung05 &#8211; Umkehr Titel Ausdehnung Title Expansion Titre Expansion Werk Nr. 08 (1975) Painting No. 08 (1975) No. d&#8217;\u0153uvre 08 (1975) Ma\u00dfe 80 x 80 cm Measures 80 x 80 cm Mesures 80 x 80 cm Beschreibung \u00d6l auf Leinwand, Keilrahmen Description Oils on canvas, stretsher Description Huile sur toile, ch\u00e2ssis \u00e0 coins","protected":false},"author":2,"featured_media":0,"parent":29,"menu_order":15,"comment_status":"closed","ping_status":"closed","template":"","meta":{"footnotes":""},"class_list":["post-66","page","type-page","status-publish","hentry"],"_links":{"self":[{"href":"https:\/\/www.roland-frey.art\/_Classic\/wp-json\/wp\/v2\/pages\/66","targetHints":{"allow":["GET"]}}],"collection":[{"href":"https:\/\/www.roland-frey.art\/_Classic\/wp-json\/wp\/v2\/pages"}],"about":[{"href":"https:\/\/www.roland-frey.art\/_Classic\/wp-json\/wp\/v2\/types\/page"}],"author":[{"embeddable":true,"href":"https:\/\/www.roland-frey.art\/_Classic\/wp-json\/wp\/v2\/users\/2"}],"replies":[{"embeddable":true,"href":"https:\/\/www.roland-frey.art\/_Classic\/wp-json\/wp\/v2\/comments?post=66"}],"version-history":[{"count":37,"href":"https:\/\/www.roland-frey.art\/_Classic\/wp-json\/wp\/v2\/pages\/66\/revisions"}],"predecessor-version":[{"id":1371,"href":"https:\/\/www.roland-frey.art\/_Classic\/wp-json\/wp\/v2\/pages\/66\/revisions\/1371"}],"up":[{"embeddable":true,"href":"https:\/\/www.roland-frey.art\/_Classic\/wp-json\/wp\/v2\/pages\/29"}],"wp:attachment":[{"href":"https:\/\/www.roland-frey.art\/_Classic\/wp-json\/wp\/v2\/media?parent=66"}],"curies":[{"name":"wp","href":"https:\/\/api.w.org\/{rel}","templated":true}]}}