{"id":14,"date":"2019-03-23T10:14:06","date_gmt":"2019-03-23T09:14:06","guid":{"rendered":"http:\/\/www.roland-frey.art\/?page_id=14"},"modified":"2020-11-05T14:15:50","modified_gmt":"2020-11-05T13:15:50","slug":"ueber-roland-frey","status":"publish","type":"page","link":"https:\/\/www.roland-frey.art\/_Classic\/de\/ueber-roland-frey\/","title":{"rendered":"\u00dcber Roland Frey"},"content":{"rendered":"<section class=\"l-section wpb_row us_custom_e07b86aa height_small width_full\"><div class=\"l-section-h i-cf\"><div class=\"g-cols vc_row via_flex valign_top type_default stacking_default\"><div class=\"vc_col-sm-12 wpb_column vc_column_container\"><div class=\"vc_column-inner\"><div class=\"wpb_wrapper\"><div class=\"wpb_text_column\"><div class=\"wpb_wrapper\"><h1><\/h1>\n<figure id=\"attachment_48\" aria-describedby=\"caption-attachment-48\" style=\"width: 400px\" class=\"wp-caption alignleft\"><a ref=\"magnificPopup\" href=\"https:\/\/www.roland-frey.art\/wp-content\/uploads\/2019\/03\/Roland-Frey-Selbstportrait-Gro\u00df.jpg\"><img loading=\"lazy\" decoding=\"async\" class=\"wp-image-48\" src=\"https:\/\/www.roland-frey.art\/wp-content\/uploads\/2019\/03\/Roland-Frey-Selbstportrait-Gro\u00df.jpg\" alt=\"\" width=\"400\" height=\"530\" srcset=\"https:\/\/www.roland-frey.art\/_Classic\/wp-content\/uploads\/2019\/03\/Roland-Frey-Selbstportrait-Gro\u00df.jpg 815w, https:\/\/www.roland-frey.art\/_Classic\/wp-content\/uploads\/2019\/03\/Roland-Frey-Selbstportrait-Gro\u00df-226x300.jpg 226w, https:\/\/www.roland-frey.art\/_Classic\/wp-content\/uploads\/2019\/03\/Roland-Frey-Selbstportrait-Gro\u00df-773x1024.jpg 773w\" sizes=\"auto, (max-width: 400px) 100vw, 400px\" \/><\/a><figcaption id=\"caption-attachment-48\" class=\"wp-caption-text\">Roland Frey Selbstportrait<\/figcaption><\/figure>\n<h1><strong>\u00dcber Roland Frey<a href=\"https:\/\/www.roland-frey.art\/oeuvre\/\"><img loading=\"lazy\" decoding=\"async\" class=\"alignright wp-image-344 size-full\" src=\"https:\/\/www.roland-frey.art\/wp-content\/uploads\/2019\/03\/019-2.jpg\" alt=\"Roland Frey - 44 (Preview)\" width=\"300\" height=\"300\" srcset=\"https:\/\/www.roland-frey.art\/_Classic\/wp-content\/uploads\/2019\/03\/019-2.jpg 300w, https:\/\/www.roland-frey.art\/_Classic\/wp-content\/uploads\/2019\/03\/019-2-150x150.jpg 150w\" sizes=\"auto, (max-width: 300px) 100vw, 300px\" \/><\/a><\/strong><\/h1>\n<p>Aufgrund seiner fr\u00fch erkannten Begabung wurde Roland Frey, 1927 &#8211; 2012 M\u00fcnchen, im 16. Lebensjahr in der Akademie der Bildenden K\u00fcnste in M\u00fcnchen aufgenommen. Seine Lehrer waren die Professoren H. Kaspar, A. Schinnerer und W. Geiger. Die Technik der alten Meister, die ihm Vorbild wurde, eignete er sich an bei seiner Arbeit als Restaurator in Werkst\u00e4tten f\u00fcr Kirchenmalerei und am Doener-Institut, dem Staatlichen Forschungsinstitut f\u00fcr Maltechnik in M\u00fcnchen. Die Gebrauchsgrafik und das Malen von Portraits, Kinder- und Genre-Bildern diente ihm zum Lebensunterhalt und vervollkommneten seine virtuose Technik.<\/p>\n<p>Mit gleicher Konsequenz wie sein maltechnisches Studium betrieb Roland Frey das Studium der geistigen Grundlagen f\u00fcr seine Malerei. Er befasste sich eingehend mit Philosophie, Spiritualit\u00e4t und den gro\u00dfen Religionen.<br \/>Nachdem im letzten Jahrhundert die Religiosit\u00e4t als Bezugspunkt k\u00fcnstlerischen Schaffens verloren ging, musste der K\u00fcnstler &#8211; so sieht es Roland Frey &#8211; eine neue Ausgangsbasis in sich selbst finden. Ist er dazu f\u00e4hig, kann er, wie in allen Kulturen, seine Aufgabe als Wegweiser f\u00fcr andere erf\u00fcllen.<\/p>\n<p>Roland Freys Bilder zeigen den Weg seiner Selbstfindung. Sie k\u00f6nnen aber auch anderen Seelen Impulse f\u00fcr die eigene Entwicklung geben. Ziel seines k\u00fcnstlerischen Schaffens war es, dem Menschen \u00fcber seine pers\u00f6nlichen Grenzen hinaus zu helfen, ihn der letzten Wahrheit n\u00e4her zu bringen. Die Wahrheit ist mit Logik und Verstand nicht erfassbar, kann aber wohl erf\u00fchlt und erlebt werden.<\/p>\n<p><a href=\"https:\/\/www.roland-frey.art\/de\/ueber-das-werk\/\"><strong>Das Werk<\/strong><\/a> der spirituellen Themen umfasst 46 Gem\u00e4lde verschiedener Maltechnik, meist jedoch in \u00d6l. Sie entstanden im Wesentlichen in den 1960er, weniger in den 70er Jahren.<\/p>\n<\/div><\/div><div class=\"g-cols wpb_row us_custom_1eba19af via_flex valign_middle type_default stacking_default\"><div class=\"vc_col-sm-2\/5 wpb_column vc_column_container\"><div class=\"vc_column-inner\"><div class=\"wpb_wrapper\"><div class=\"w-image align_left us_animate_afl\"><div class=\"w-image-h\"><img decoding=\"async\" width=\"387\" height=\"256\" src=\"https:\/\/www.roland-frey.art\/_Classic\/wp-content\/uploads\/2019\/04\/R.-Frey-kleine-Unterschrift.jpeg\" class=\"attachment-full size-full\" alt=\"\" loading=\"lazy\" srcset=\"https:\/\/www.roland-frey.art\/_Classic\/wp-content\/uploads\/2019\/04\/R.-Frey-kleine-Unterschrift.jpeg 387w, https:\/\/www.roland-frey.art\/_Classic\/wp-content\/uploads\/2019\/04\/R.-Frey-kleine-Unterschrift-300x198.jpeg 300w\" sizes=\"auto, (max-width: 387px) 100vw, 387px\" \/><\/div><\/div><\/div><\/div><\/div><div class=\"vc_col-sm-1\/5 wpb_column vc_column_container\"><div class=\"vc_column-inner\"><div class=\"wpb_wrapper\"><div class=\"w-image align_center us_animate_afb\"><div class=\"w-image-h\"><img decoding=\"async\" width=\"426\" height=\"364\" src=\"https:\/\/www.roland-frey.art\/_Classic\/wp-content\/uploads\/2019\/04\/R.-Frey-Signet.jpeg\" class=\"attachment-full size-full\" alt=\"\" loading=\"lazy\" srcset=\"https:\/\/www.roland-frey.art\/_Classic\/wp-content\/uploads\/2019\/04\/R.-Frey-Signet.jpeg 426w, https:\/\/www.roland-frey.art\/_Classic\/wp-content\/uploads\/2019\/04\/R.-Frey-Signet-300x256.jpeg 300w\" sizes=\"auto, (max-width: 426px) 100vw, 426px\" \/><\/div><\/div><\/div><\/div><\/div><div class=\"vc_col-sm-2\/5 wpb_column vc_column_container\"><div class=\"vc_column-inner\"><div class=\"wpb_wrapper\"><div class=\"w-image align_right us_animate_afr\"><div class=\"w-image-h\"><img decoding=\"async\" width=\"1050\" height=\"288\" src=\"https:\/\/www.roland-frey.art\/_Classic\/wp-content\/uploads\/2019\/04\/roland-Frey-gesamt-Unterschrift.jpeg\" class=\"attachment-full size-full\" alt=\"\" loading=\"lazy\" srcset=\"https:\/\/www.roland-frey.art\/_Classic\/wp-content\/uploads\/2019\/04\/roland-Frey-gesamt-Unterschrift.jpeg 1050w, https:\/\/www.roland-frey.art\/_Classic\/wp-content\/uploads\/2019\/04\/roland-Frey-gesamt-Unterschrift-300x82.jpeg 300w, https:\/\/www.roland-frey.art\/_Classic\/wp-content\/uploads\/2019\/04\/roland-Frey-gesamt-Unterschrift-1024x281.jpeg 1024w\" sizes=\"auto, (max-width: 1050px) 100vw, 1050px\" \/><\/div><\/div><\/div><\/div><\/div><\/div><div class=\"w-separator size_medium with_line width_50 thick_4 style_dotted color_border align_center\"><div class=\"w-separator-h\"><\/div><\/div><\/div><\/div><\/div><\/div><\/div><\/section><section class=\"l-section wpb_row us_custom_e07b86aa height_small width_full\"><div class=\"l-section-h i-cf\"><div class=\"g-cols vc_row via_flex valign_top type_default stacking_default\"><div class=\"vc_col-sm-12 wpb_column vc_column_container\"><div class=\"vc_column-inner\"><div class=\"wpb_wrapper\"><div class=\"w-iconbox iconpos_left style_default color_primary align_center\"><div class=\"w-iconbox-icon\" style=\"font-size:2rem;\"><i class=\"fas fa-quote-right\"><\/i><\/div><div class=\"w-iconbox-meta\"><h4 class=\"w-iconbox-title\">Roland Frey: Warum male ich diese Bilder?<\/h4><div class=\"w-iconbox-text\"><p>Es ist der gro\u00dfe Antrieb, Dinge sichtbar zu machen, die in uns vorgehen, die wir durch Sichtbarmachung bzw. durch Konfrontation, ganz egal welcher Art, uns bewusst machen wollen. Der Antrieb zu diesem Bewusstmachungsprozess ist es ja, diesen latenten gl\u00fcckhaften Urzustand der Erl\u00f6sung wieder zu erreichen.<\/p>\n<p>Indem ich diese Bilder male, indem ich mir diese Dinge durch den Malprozess selbst bewusst mache, teile ich sie mit. Durch diese Mitteilung gebe ich meine Erfahrungen ab, andere nehmen sie auf, machen sie zu ihren eigenen Erfahrungen bzw. zu Mitteln ihrer eigenen Wege. Das gibt mich wieder frei f\u00fcr weitere Stufen.<\/p>\n<\/div><\/div><\/div><div class=\"w-separator size_medium with_line width_50 thick_4 style_dotted color_border align_center\"><div class=\"w-separator-h\"><\/div><\/div><div class=\"w-iconbox iconpos_left style_default color_primary align_center\"><div class=\"w-iconbox-icon\" style=\"font-size:2rem;\"><i class=\"fas fa-quote-right\"><\/i><\/div><div class=\"w-iconbox-meta\"><h4 class=\"w-iconbox-title\">Gerhard Havel:<\/h4><div class=\"w-iconbox-text\"><p>Roland Frey geh\u00f6rt zu den ma\u00dfgebenden Wegbereitern einer neuen Kunstrichtung, die ihre spezifische Ausdrucksform in einem esoterischen Naturalismus findet. Diese neue Form esoterischer Kunst ist ein wichtiger Faktor der menschlichen Evolution, deren Ziel in der graduellen Vollendung des menschlichen Bewusstseins liegt, demnach in einem Streben nach geistiger Sch\u00f6nheit. Die esoterische Kunst entspricht in ihren Erscheinungen und bedingten Formen immer einem universalen Prinzip. Dies war zu allen Zeiten und in allen Kulturen so. Jedoch mit der Hinwendung zu gr\u00f6\u00dferer Synthese offenbaren sich dem esoterisch orientierten K\u00fcnstler neue Dimensionen erhabener Sch\u00f6nheiten.<\/p>\n<p>Durch die Erkenntnisse unserer Zeit wird es m\u00f6glich, in der Herrlichkeit der sichtbaren und verborgenen Sch\u00f6pfung den Willen des h\u00f6chsten geistigen Prinzips deutlicher zu erkennen.<\/p>\n<\/div><\/div><\/div><div class=\"w-separator size_medium with_line width_50 thick_4 style_dotted color_border align_center\"><div class=\"w-separator-h\"><\/div><\/div><div class=\"w-iconbox iconpos_left style_default color_primary align_center\"><div class=\"w-iconbox-icon\" style=\"font-size:2rem;\"><i class=\"fas fa-quote-right\"><\/i><\/div><div class=\"w-iconbox-meta\"><h4 class=\"w-iconbox-title\">P. J. Saher:<\/h4><div class=\"w-iconbox-text\"><p>Roland Frey neigt in einem gewissen Sinne zur Romantik und er ist, seinem Wesen gem\u00e4\u00df, ein Mystiker. Dementsprechend bedient er sich eines Symbolismus, weil geistige Wahrheiten nicht anders mitgeteilt werden k\u00f6nnen. Aber wie auch immer man sein Werk auslegen wird, wer wirklich sehen kann, wird in seinen Bildern einen gr\u00f6\u00dferen Realismus finden, als bei manchen, die sich Realisten nennen.<\/p>\n<p>Einzig in einer bewussten Konfrontation der Umst\u00e4nde, wie sie sich, entsprechend dem jeweiligen individuellen Schicksal darbieten, liegt die M\u00f6glichkeit der Befreiung. Niemals ist sie in einer Flucht zu finden, gleichg\u00fcltig in welcher illusion\u00e4ren Verkleidung sie sich anbietet.<\/p>\n<p>Sein Werk ist Ausdruck einer Auseinandersetzung mit der Sch\u00f6pfung und ein Hinweis f\u00fcr die menschliche Berufung, die irdischen Schranken durch Meisterung zu \u00fcberwinden.<\/p>\n<\/div><\/div><\/div><div class=\"w-separator size_medium with_line width_50 thick_4 style_dotted color_border align_center\"><div class=\"w-separator-h\"><\/div><\/div><\/div><\/div><\/div><\/div><\/div><\/section>","protected":false},"excerpt":{"rendered":"Roland Frey Selbstportrait \u00dcber Roland Frey Aufgrund seiner fr\u00fch erkannten Begabung wurde Roland Frey, 1927 &#8211; 2012 M\u00fcnchen, im 16. Lebensjahr in der Akademie der Bildenden K\u00fcnste in M\u00fcnchen aufgenommen. Seine Lehrer waren die Professoren H. Kaspar, A. Schinnerer und W. Geiger. Die Technik der alten Meister, die ihm Vorbild wurde, eignete er sich an...","protected":false},"author":2,"featured_media":0,"parent":29,"menu_order":10,"comment_status":"closed","ping_status":"closed","template":"","meta":{"footnotes":""},"class_list":["post-14","page","type-page","status-publish","hentry"],"_links":{"self":[{"href":"https:\/\/www.roland-frey.art\/_Classic\/wp-json\/wp\/v2\/pages\/14","targetHints":{"allow":["GET"]}}],"collection":[{"href":"https:\/\/www.roland-frey.art\/_Classic\/wp-json\/wp\/v2\/pages"}],"about":[{"href":"https:\/\/www.roland-frey.art\/_Classic\/wp-json\/wp\/v2\/types\/page"}],"author":[{"embeddable":true,"href":"https:\/\/www.roland-frey.art\/_Classic\/wp-json\/wp\/v2\/users\/2"}],"replies":[{"embeddable":true,"href":"https:\/\/www.roland-frey.art\/_Classic\/wp-json\/wp\/v2\/comments?post=14"}],"version-history":[{"count":34,"href":"https:\/\/www.roland-frey.art\/_Classic\/wp-json\/wp\/v2\/pages\/14\/revisions"}],"predecessor-version":[{"id":1102,"href":"https:\/\/www.roland-frey.art\/_Classic\/wp-json\/wp\/v2\/pages\/14\/revisions\/1102"}],"up":[{"embeddable":true,"href":"https:\/\/www.roland-frey.art\/_Classic\/wp-json\/wp\/v2\/pages\/29"}],"wp:attachment":[{"href":"https:\/\/www.roland-frey.art\/_Classic\/wp-json\/wp\/v2\/media?parent=14"}],"curies":[{"name":"wp","href":"https:\/\/api.w.org\/{rel}","templated":true}]}}